t are the prime factors of 14791?
7, 2113
What are the prime factors of 504?
2, 3, 7
List the prime factors of 1968.
2, 3, 41
List the prime factors of 44271.
3, 4919
List the prime factors of 1361.
1361
List the prime factors of 21947.
17, 1291
What are the prime factors of 59805?
3, 5, 443
List the prime factors of 2364.
2, 3, 197
List the prime factors of 42198.
2, 3, 13, 541
What are the prime factors of 98264?
2, 71, 173
List the prime factors of 10146.
2, 3, 19, 89
List the prime factors of 9762.
2, 3, 1627
List the prime factors of 14002.
2, 7001
What are the prime factors of 856?
2, 107
What are the prime factors of 106521?
3, 35507
List the prime factors of 843.
3, 281
What are the prime factors of 113?
113
List the prime factors of 45343.
45343
List the prime factors of 45301.
89, 509
List the prime factors of 15384.
2, 3, 641
List the prime factors of 847.
7, 11
What are the prime factors of 99920?
2, 5, 1249
What are the prime factors of 8864?
2, 277
List the prime factors of 195.
3, 5, 13
List the prime factors of 9640.
2, 5, 241
What are the prime factors of 11102?
2, 7, 13, 61
What are the prime factors of 1136?
2, 71
What are the prime factors of 50160?
2, 3, 5, 11, 19
List the prime factors of 1943.
29, 67
List the prime factors of 428.
2, 107
What are the prime factors of 6244?
2, 7, 223
What are the prime factors of 3549?
3, 7, 13
List the prime factors of 12543.
3, 37, 113
List the prime factors of 13561.
71, 191
List the prime factors of 553.
7, 79
List the prime factors of 2882.
2, 11, 131
List the prime factors of 43736.
2, 7, 11, 71
What are the prime factors of 11937?
3, 23, 173
List the prime factors of 11631.
3, 3877
List the prime factors of 1098.
2, 3, 61
List the prime factors of 618.
2, 3, 103
What are the prime factors of 31186?
2, 31, 503
List the prime factors of 534.
2, 3, 89
What are the prime factors of 161?
7, 23
List the prime factors of 100144.
2, 11, 569
List the prime factors of 1060.
2, 5, 53
List the prime factors of 1956.
2, 3, 163
List the prime factors of 15680.
2, 5, 7
What are the prime factors of 21418?
2, 10709
List the prime factors of 116.
2, 29
List the prime factors of 1703.
13, 131
What are the prime factors of 1102?
2, 19, 29
What are the prime factors of 2738?
2, 37
What are the prime factors of 34716?
2, 3, 11, 263
What are the prime factors of 1106?
2, 7, 79
What are the prime factors of 752?
2, 47
What are the prime factors of 1170?
2, 3, 5, 13
List the prime factors of 5869.
5869
What are the prime factors of 46995?
3, 5, 13, 241
List the prime factors of 368.
2, 23
What are the prime factors of 43590?
2, 3, 5, 1453
What are the prime factors of 413?
7, 59
List the prime factors of 551.
19, 29
What are the prime factors of 1181?
1181
What are the prime factors of 81138?
2, 3, 13523
List the prime factors of 1574.
2, 787
What are the prime factors of 18092?
2, 4523
List the prime factors of 2457.
3, 7, 13
List the prime factors of 11713.
13, 17, 53
List the prime factors of 16890.
2, 3, 5, 563
What are the prime factors of 710?
2, 5, 71
What are the prime factors of 16523?
13, 31, 41
List the prime factors of 1929.
3, 643
What are the prime factors of 565?
5, 113
What are the prime factors of 8607?
3, 19, 151
What are the prime factors of 45681?
3, 15227
List the prime factors of 1736.
2, 7, 31
What are the prime factors of 86864?
2, 61, 89
List the prime factors of 4922.
2, 23, 107
List the prime factors of 4802.
2, 7
What are the prime factors of 17595?
3, 5, 17, 23
List the prime factors of 2607.
3, 11, 79
List the prime factors of 141142.
2, 70571
What are the prime factors of 17256?
2, 3, 719
What are the prime factors of 64370?
2, 5, 41, 157
List the prime factors of 1652.
2, 7, 59
What are the prime factors of 5225?
5, 11, 19
List the prime factors of 29792.
2, 7, 19
What are the prime factors of 733?
733
List the prime factors of 3047.
11, 277
List the prime factors of 30656.
2, 479
List the prime factors of 1662.
2, 3, 277
List the prime factors of 430.
2, 5, 43
List the prime factors of 13450.
2, 5, 269
What are the prime factors of 1253?
7, 179
What are the prime factors of 47398?
2, 13, 1823
List the prime factors of 550.
2, 5, 11
List the prime factors of 54242.
2, 37, 733
List the prime factors of 65241.
3, 11, 659
What are the prime factors of 4291?
7, 613
What are the prime factors of 39?
3, 13
What are the prime factors of 87?
3, 29
What are the prime factors of 206?
2, 103
What are the prime factors of 20267?
13, 1559
List the prime factors of 3314.
2, 1657
List the prime factors of 31017.
3, 7, 211
List the prime factors of 3968.
2, 31
List the prime factors of 21770.
2, 5, 7, 311
What are the prime factors of 18819?
3, 17, 41
List the prime factors of 3148.
2, 787
List the prime factors of 17806.
2, 29, 307
List the prime factors of 10557.
3, 17, 23
What are the prime factors of 1015?
5, 7, 29
List the prime factors of 977.
977
What are the prime factors of 17849?
13, 1373
What are the prime factors of 4237?
19, 223
What are the prime factors of 3938?
2, 11, 179
List the prime factors of 481.
13, 37
What are the prime factors of 1335?
3, 5, 89
What are the prime factors of 1463?
7, 11, 19
What are the prime factors of 10398?
2, 3, 1733
What are the prime factors of 139?
139
What are the prime factors of 742?
2, 7, 53
List the prime factors of 142665.
3, 5, 9511
List the prime factors of 1957.
19, 103
What are the prime factors of 17851?
17851
List the prime factors of 1075.
5, 43
List the prime factors of 135828.
2, 3, 7, 11
List the prime factors of 495.
3, 5, 11
List the prime factors of 38854.
2, 19427
What are the prime factors of 3564?
2, 3, 11
List the prime factors of 66187.
11, 547
List the prime factors of 13868.
2, 3467
What are the prime factors of 76849?
31, 37, 67
What are the prime factors of 3791?
17, 223
What are the prime factors of 674?
2, 337
What are the prime factors of 1002?
2, 3, 167
List the prime factors of 20547.
3, 761
What are the prime factors of 541?
541
List the prime factors of 450.
2, 3, 5
List the prime factors of 3455.
5, 691
List the prime factors of 1923.
3, 641
List the prime factors of 68523.
3, 7, 13, 251
List the prime factors of 1368.
2, 3, 19
What are the prime factors of 44817?
3, 14939
List the prime factors of 501.
3, 167
What are the prime factors of 72?
2, 3
List the prime factors of 147967.
79, 1873
List the prime factors of 1228.
2, 307
What are the prime factors of 32680?
2, 5, 19, 43
List the prime factors of 15263.
15263
List the prime factors of 2987.
29, 103
What are the prime factors of 19558?
2, 7, 11, 127
What are the prime factors of 2007?
3, 223
What are the prime factors of 110288?
2, 61, 113
What are the prime factors of 961?
31
What are the prime factors of 41731?
29, 1439
What are the prime factors of 1632?
2, 3, 17
What are the prime factors of 41448?
2, 3, 11, 157
What are the prime factors of 4689?
3, 521
What are the prime factors of 16458?
2, 3, 13, 211
List the prime factors of 38071.
11, 3461
What are the prime factors of 2201?
31, 71
What are the prime factors of 5126?
2, 11, 233
List the prime factors of 8709.
3, 2903
List the prime factors of 1088.
2, 17
What are the prime factors of 52795?
5, 10559
List the prime factors of 1493.
1493
What are the prime factors of 7675?
5, 307
What are the prime factors of 4321?
29, 149
List the prime factors of 1908.
2, 3, 53
List the prime factors of 570.
2, 3, 5, 19
What are the prime factors of 1542?
2, 3, 257
List the prime factors of 19212.
2, 3, 1601
List the prime factors of 1485.
3, 5, 11
What are the prime factors of 131906?
2, 101, 653
List the prime factors of 2465.
5, 17, 29
List the prime factors of 2549.
2549
What are the prime factors of 4386?
2, 3, 17, 43
List the prime factors of 5114.
2, 2557
What are the prime factors of 2019?
3, 673
List the prime factors of 941.
941
What are the prime factors of 1655?
5, 331
What are the prime factors of 1870?
2, 5, 11, 17
List the prime factors of 208.
2, 13
What are the prime factors of 90180?
2, 3, 5, 167
What are the prime factors of 99?
3, 11
What are the prime factors of 15973?
15973
List the prime factors of 10932.
2, 3, 911
List the prime factors of 54989.
11, 4999
List the prime factors o